ppose 26 = -0*s + 3*s - k, -2*k = -8. Let i = s - -4. What is the remainder when 54 is divided by i?
12
Let g be ((-48)/60)/(4/30). Calculate the remainder when g/21 - (-1138)/14 is divided by 28.
25
Let b be (-2)/((-5)/(165/2)). Let z = 13 + b. What is the remainder when z is divided by 12?
10
Suppose 47*o = 59*o - 504. What is the remainder when 82 is divided by o?
40
Suppose 14*z = 51*z - 2183. Calculate the remainder when z is divided by 32.
27
Let r be (-3 - -3 - -170) + 2. Suppose 0 = -5*j + 118 + r. Let p = j - 16. What is the remainder when p is divided by 15?
12
Suppose -1 + 20 = -d. Let m = -14 - d. Let t = 13 + 6. Calculate the remainder when t is divided by m.
4
Let x(u) = 21*u + 3. Let l be x(7). Suppose 4*a = -a + l. Calculate the remainder when (-1)/(-2) + a/12 is divided by 3.
0
Let b(g) = 6*g**3 - 2*g**2 - g - 1. Let z(h) be the first derivative of -3*h**2/2 - 23*h + 9. Calculate the remainder when b(2) is divided by z(-12).
11
Suppose -32 = -4*n - 5*v, -5*n + 3*v + 2*v = -40. What is the remainder when (-142)/(-2) - (-6 + n) is divided by 18?
15
Suppose 5*g - 5*a = -2*a + 353, 0 = 2*a - 8. Let m = 54 + -16. What is the remainder when g is divided by m?
35
Let y(x) = x**2 + 7*x + 3. Let n be y(-7). Let i = 25 - n. What is the remainder when 107 is divided by i?
19
Suppose -2*b - 61 = -3*k, 54*k + b + 90 = 59*k. What is the remainder when k is divided by 5?
2
What is the remainder when (3*(-1)/(-3))/(2/308) is divided by 26?
24
Suppose -831 = -7*a + 4951. Calculate the remainder when a is divided by 46.
44
Let x(k) = 31*k + 1. Let z(m) = 2*m**2 + 2*m - 1. Let d be z(-2). What is the remainder when x(d) is divided by 19?
18
Let l(s) = -9*s**2 + 2. Let j be l(-2). Let b = 51 + j. What is the remainder when 61 is divided by b?
10
Suppose -3*j = -4*j + 156. Suppose 41*c = 45*c - j. What is the remainder when c is divided by 2/4 + 54/4?
11
Let p = 216 - 62. Let w = p - 104. What is the remainder when 149 is divided by w?
49
Let j(l) = 5*l**2 - 7. Calculate the remainder when 22 is divided by j(2).
9
Let r = 1 - -24. Calculate the remainder when 174 is divided by r.
24
Let k be 1/(-2) + 55/22. Calculate the remainder when 24 is divided by ((-52)/(-6))/(k/3).
11
What is the remainder when 28 is divided by 44/(-2)*(27/(-6) + 4)?
6
Let o = -270 + 406. Let v = o - 95. Calculate the remainder when v is divided by 15.
11
Calculate the remainder when 814 is divided by 7/(-70)*5 - 86/(-4).
16
Let z = -72 + 124. What is the remainder when z is divided by (-774)/(-54) + 1/(-3)*1?
10
Let z = 109 + -96. Let o = 15 - 5. Let c = -2 + o. Calculate the remainder when z is divided by c.
5
Let g(r) = r**2 - 70*r + 40. What is the remainder when 1037 is divided by g(0)?
37
Let y(k) = 8*k**2 - 72*k + 129. Let t = 150 - 88. Calculate the remainder when t is divided by y(7).
11
Let c(d) = 8*d**2 - 12*d + 8. Calculate the remainder when c(4) is divided by 17.
3
Suppose 4*t - j - 360 = -32, 0 = -t - j + 77. Calculate the remainder when 1700 is divided by t.
80
Suppose -4*c = 3*m - c - 45, 0 = 4*c. Calculate the remainder when 111 is divided by m.
6
Let x(z) = -z**3 + 12*z**2 - 5*z - 33. What is the remainder when x(10) is divided by 40?
37
Let t = 2 + 5. Suppose -t*p = -2*p - 130. What is the remainder when p is divided by (2 - (4 + -1)) + 15?
12
Let k(a) = -a + 24. Suppose 5*z = 3*y + 3 + 1, 2*z + 8 = -2*y. Let r = 10 - z. What is the remainder when k(7) is divided by r?
6
What is the remainder when 511 is divided by (-2 - -1)/(8 - (-2475)/(-309))?
99
Suppose -r - 3 = -3. Suppose r*q + q - 19 = 0. Calculate the remainder when 56 is divided by q.
18
Let s = 21 + -17. Suppose -3*t + 4*l + 4 = t, 0 = t + s*l - 6. Suppose t*y + 12 = 6*y. Calculate the remainder when 7 is divided by y.
1
What is the remainder when 35 is divided by -2 - (4/6 - (-451)/(-123))?
0
Suppose 3*m - 5 = 2*m + v, -4*v = m. Let p be 60/40*m/3. Suppose 0 = -p*n + 6 - 4. What is the remainder when 3 is divided by n?
0
Let t be 3*2/(24/20). Suppose 0*l - 3*y + 18 = 3*l, 14 = l + t*y. What is the remainder when 6 is divided by l?
2
Let l(v) = 3*v**2 + 114*v - 114. What is the remainder when l(-64) is divided by 20?
18
Suppose y + 4*x - 39 = 0, x + 0*x - 81 = -4*y. Let l = -18 + 163. Let q = 218 - l. What is the remainder when q is divided by y?
16
Let w(d) = 9*d**3 - d**2 + 4*d - 4. Suppose 3*v = -v. Suppose 0 = f - v*f - 2. What is the remainder when w(f) is divided by 15?
12
Calculate the remainder when (-6)/(-27)*-141*24/(-4) is divided by 19.
17
Suppose -68 = -z + 28. Suppose 0 = 2*k - 5*f + 9*f - 60, 2*k - 5*f - z = 0. What is the remainder when 112 is divided by k?
36
Let p = 28 + 1. Let z(l) = -4*l**2 + 3*l + 2. Let n be z(-1). Let w = p - n. What is the remainder when w is divided by 12?
10
Suppose 3*s + 5 = 2*d - 9, 0 = -3*s + d - 10. Calculate the remainder when 39 is divided by 28/3 - s/3.
9
Suppose s + 3 = q, -4*q + s + 3 = -0. Suppose q = j + v - 42, v - 234 = -5*j + 2*v. Calculate the remainder when j is divided by 24.
22
Suppose -12*d = -3*d - 594. What is the remainder when d is divided by 60?
6
Suppose 5*a = a - 8. Let b(i) = -9*i**3 + 8*i**2 + 10*i + 3. Calculate the remainder when (a + 3)*(-38)/(-1) is divided by b(-1).
8
Suppose -2*c + 60 = g, c + 36*g = 40*g + 39. What is the remainder when c is divided by 31?
0
Suppose 4*u = 53 + 27. What is the remainder when 77 is divided by u?
17
Let u = 56 + -51. Suppose -u*v = -2*k - 77, 2*k - k = 4. Calculate the remainder when 33 is divided by v.
16
Let o = 558 - -428. Calculate the remainder when o is divided by 19.
17
Let n(l) = 2*l + 4. Let c be n(-8). Calculate the remainder when 74 is divided by ((-50)/(-6))/(c/(-36)).
24
Let t(p) = 28*p**2. Let c be t(1). Let o = -13 + c. Calculate the remainder when o is divided by 9.
6
Let o = 14 + 83. Calculate the remainder when o is divided by 14.
13
Let b = 2 + 1. Suppose r - b - 2 = 0. Calculate the remainder when r is divided by (40/140)/(2/14).
1
Let j = -563 + 645. What is the remainder when 245 is divided by j?
81
Let j be (-4 - -3)*3/3*-43. Let s = j - -125. Calculate the remainder when s is divided by 17.
15
Suppose 4*t - 3*t + 3 = 0. Let l(f) = -3*f - 2. What is the remainder when l(-9) is divided by 4/6 - 40/t?
11
Calculate the remainder when 1850/18 + (-44)/(-198) is divided by 27.
22
What is the remainder when 507 is divided by (-17)/((-6)/(-6) + -2)?
14
Let z(i) = -15*i + 149. What is the remainder when z(6) is divided by 11?
4
Let f(y) = -y**2 - 7. Let p be f(3). Let u = p + 22. Suppose 16 = x + u. Calculate the remainder when 18 is divided by x.
8
Let a(s) = s**3 + 33*s**2 - 70*s + 39. Calculate the remainder when 219 is divided by a(-35).
24
Let o(k) be the second derivative of -8*k**3/3 + 25*k**2/2 + 29*k. What is the remainder when o(-3) is divided by 40?
33
Let v be (-20)/(-6) - (-2)/(-6). Let y be (-22)/77 - (-2)/7. Suppose -5*d - v*c = -8 - 49, y = 3*d + 5*c - 31. Calculate the remainder when 47 is divided by d.
11
Let l(x) = -5*x + 14 + 9*x**2 + 3*x**2 - x - 10*x**2. What is the remainder when 84 is divided by l(4)?
18
Let p = -152 + 217. Suppose -5*b - 87 = -12. Let t = p + b. Calculate the remainder when t is divided by 13.
11
Suppose -3*f - 3*b + 14 = -5*b, 0 = -2*f - b. Let c = -18 + 30. What is the remainder when c is divided by f?
0
Let i(p) = -2*p + 32. Let r be i(19). What is the remainder when r/((-4)/(-12)*(-27)/102) is divided by 18?
14
Let n = 49 - 37. Let t(z) = z**3 - 13*z**2 + 13*z - 10. Let w be t(n). Suppose w*q = 45 - 13. Calculate the remainder when 59 is divided by q.
11
Suppose 0 = -i + 4*m + 183, m = 3*i - 405 - 89. What is the remainder when i is divided by 42?
37
Suppose -3*o - 1 = -4. What is the remainder when o/(4/36 + 0) is divided by 3?
0
Let m = -9 - -21. Let j(u) = 3*u**2 + 9*u - 20. Let r be j(-6). What is the remainder when (-1)/((-3)/r)*3 is divided by m?
10
Suppose 0 = 2*r - 10, -3*s + 8*s - 4*r = 5. Suppose s*x + 1 = 2*x + 5*o, -o - 3 = -x. What is the remainder when 14 is divided by x?
6
Suppose 2*z + 21 = 3*i - 188, -3*i = 4*z - 221. Let r = i - 64. Calculate the remainder when r is divided by 2.
1
Suppose -5*f + 419 = w, 2*f - 340 = -2*f + 4*w. Suppose 0 = -4*i + 16, 0 = g - 3*g - 5*i + f. Calculate the remainder when g +